+ 35. Let r be f(5). What is the units digit of (((-195)/r)/(-13))/(1/4)?
3
Suppose -1066 = 11*o - 6192. Let v = 1542 - o. What is the tens digit of v?
7
Let z(w) = 7*w**2 + 56*w + 4496. What is the thousands digit of z(-58)?
4
Suppose 2*b - 5*b = -219. Suppose -4*h = -5*z + 56 + 81, -2*h = -z + b. Let d = h - -62. What is the units digit of d?
4
Suppose 350*z + 2*a + 278642 = 353*z, 3*a = -3*z + 278607. What is the hundreds digit of z?
8
Let b(v) = -3*v + 14. Let o be b(3). Let k be -5 + 1*(9 - -5). Suppose -4*x = -o*s - 145, -29 = -x - 2*s - k. What is the tens digit of x?
3
Suppose 3*r - n + 6 = 0, r + 27 - 20 = 2*n. What is the tens digit of r/(-4) - (-89318)/136?
5
Suppose 21*u - 20*u - 52288 = -63*u. What is the tens digit of u?
1
Let s be (17/34)/(2/64). Let v = -13 + s. Suppose -5*h + 245 = -2*o, 4*h + v*o + 0*o = 173. What is the units digit of h?
7
Suppose -u - 3*m = u + 16, 0 = -4*u + m + 10. Suppose x - 2 = 5. What is the units digit of (-1 - x)*-8*u?
4
Let n = 286 - 484. What is the hundreds digit of (-2 + n/(-55))/(2/445)?
3
Let z(b) = -1764*b + 6709. What is the thousands digit of z(-17)?
6
Suppose -4*n = 5*g - 5 - 9, 0 = 3*g - 4*n - 2. Suppose 5*v = k + 15, g*k - v + 30 = -5*v. What is the tens digit of (5/(k/34))/(6/(-9))?
1
Let c = 251 - 173. Let t = c - 8. What is the units digit of t?
0
Let j = -51 + 59. Suppose -3*d - 3*h = -68 + j, -4*d + 56 = -4*h. Suppose d*s = 2867 - 691. What is the hundreds digit of s?
1
Suppose z - 5*y - 8 = 0, -9*z - 2*y + 13 = -4*z. Suppose -3520 = -3*o - 4*p, z*o + 4*p + 1152 = 4*o. What is the tens digit of o?
6
Let a be 29 + (-5)/(20/4). Let q = 26 - a. What is the tens digit of q*1/4*-122?
6
Suppose -6*i + 3*i = -15. Let n be (i - 14/4)*2. Suppose 2*l - n*t + 8 = 106, 0 = -2*l + 4*t + 94. What is the units digit of l?
5
Suppose -5*t - 68 = -v - 1541, 2*v - 1184 = -4*t. Let o = 451 - t. What is the hundreds digit of o?
1
Let y = 9597 + -6436. What is the hundreds digit of y?
1
Let n = 33487 - 33484. Let u(a) = a**2 + a + 1. Let i(b) = 7*b**3 + 6*b**2 + 7*b + 2. Let k(h) = i(h) - 6*u(h). What is the hundreds digit of k(n)?
1
Suppose -v + 1972 = v - 4*q, 4*q - 4944 = -5*v. Suppose 1202 + v = 10*a. Let n = a - 122. What is the tens digit of n?
9
Let i = 29479 - 17334. What is the hundreds digit of i?
1
Suppose 3*g + g + 20 = -5*s, 2*s = 3*g - 8. Let t(c) = -c**2 + 135*c - 63*c + 114 - 70*c + 2*c**2. What is the tens digit of t(g)?
1
Let t(f) = -f**3 - 5*f**2 - 21. Let g be t(-9). Suppose 0 = s - g - 108. What is the units digit of 8/(-36) - s/(-27)?
5
What is the units digit of 0 + (-5 - -249) - 2?
2
Let s = 1485 + -1433. Suppose 118 - 3 = -5*n. Let o = s + n. What is the tens digit of o?
2
Suppose 66*z - 84*z + 247246 + 107984 = 0. What is the hundreds digit of z?
7
Let v(r) = -80*r + 158. Let j be v(2). Suppose 4*f = b - 131, -3*b - 751 = -8*b - 4*f. What is the tens digit of b + (8 - 4)/j?
4
Let h(v) be the second derivative of -v**3/6 - 7*v**2 - 4*v. Let b be h(-19). Suppose 111 = b*m - 99. What is the units digit of m?
2
Let s(i) = -8*i + 68. Let k be s(-9). Let a = k + 190. What is the hundreds digit of a?
3
Let d = -3417 - -7281. Suppose -83*l + d = -80*l. What is the units digit of l?
8
Let g = -20661 + 58324. What is the hundreds digit of g?
6
Let s = 2371 - 2366. Let a = 255 - 150. Suppose -3*p = 2*p - s, 2*q = -p + a. What is the tens digit of q?
5
What is the hundreds digit of (-32)/144 + ((-8638140)/(-54))/7?
8
What is the units digit of 19484/(-10)*((-1080)/16)/27?
1
Let w(y) = 10513*y - 734. What is the tens digit of w(2)?
9
What is the hundreds digit of -8 + 6/(((-36)/224307)/(-2))?
7
Let b(z) = z**2 - 4*z + 5. Let k be b(3). What is the tens digit of (9 - -3 - 12) + 93*k?
8
Suppose 79*h - 267172 - 88124 = 63*h. What is the hundreds digit of h?
2
Let n(z) = -z**3 + 12*z**2 + 57*z + 124. What is the tens digit of n(-12)?
9
Suppose -4*v + 4020 = 4*f, -4*f + 8*v = 13*v - 4019. What is the thousands digit of f?
1
Let i(p) be the second derivative of -3*p**3 + 13*p**2/2 + p + 23. What is the tens digit of i(-1)?
3
Suppose -2*b = -1 + 11. Let o(m) be the third derivative of m**4/4 + 20*m**3/3 - 125*m**2. What is the tens digit of o(b)?
1
Let a = -1014 + 1524. Suppose 818 = -a*q + 512*q. What is the hundreds digit of q?
4
Let b(o) = 65*o**2 + 204*o + 125. Let t(p) = 13*p**2 + 41*p + 25. Let y(l) = -2*b(l) + 11*t(l). What is the units digit of y(-11)?
5
Suppose -3*s - 2*i + 194 = 0, s + 5*i = 16 + 27. Let q = s - 62. Suppose -3*a - 26 = -2*c, q*a = -4*c + a + 74. What is the units digit of c?
6
Let v(c) = -c**2 - 17*c + 15. Let h be v(-12). Let g be (4/5)/(-2) + 5805/h. Suppose -4*t + 5*t = -2*s + g, 4*t = 3*s - 121. What is the units digit of s?
9
What is the ten thousands digit of -1 + 3 - (2 - 5)/((-6)/(-22028))?
1
Let i be (4/(-6))/(24/(-144)). What is the units digit of (i + 0)*(-7633)/(-68)?
9
Let q(t) = 1 - 4*t**2 - t - t + 303*t**2. Let n be q(1). Let m = n - 93. What is the hundreds digit of m?
2
Suppose 0*u - 17 = -2*w - u, 2*w - 13 = 3*u. Let f(b) = 7*b**2 - 4*b - 7*b**3 + 3 + w*b + 0*b + 6*b**3. What is the tens digit of f(6)?
6
Let z(b) = -5*b + 75. Let q be z(28). Let i = q + 131. Suppose 0 = -n + 2*c + 46, -29 = -2*n + c + i. What is the tens digit of n?
4
Let h(d) = 129*d**3 + d**2 - 2*d - 2. Suppose 3*r + 3*r + 6 = 0. Let j be h(r). Let n = -86 - j. What is the units digit of n?
2
Let v be 30/(-20)*(-1018)/3. Suppose -5*l = -0*l - 220. Suppose -7*a + v = -l. What is the units digit of a?
9
Let f(c) = c - 10. Let d be f(15). Let r be (-25 - (-20)/d)*9. What is the tens digit of (-2)/(-14) + 9/(r/(-3126))?
4
Let f(m) be the first derivative of 176*m**2 + 4*m - 43. Let d be f(1). Suppose 17*t + d = 21*t. What is the units digit of t?
9
Suppose -70 = 5*t + 25. Let y = -63 + 177. Let k = t + y. What is the tens digit of k?
9
Suppose 4*k - 1939 - 3922 = 5*f, 2*f = -k + 1449. Suppose 1628 = 4*w + h - 1263, 0 = 2*w + 5*h - k. What is the hundreds digit of w?
7
Let k = 196 - 290. Let v = -82 - k. What is the tens digit of (-6)/v*(-97 + (0 - 1))?
4
Let i(t) = -t**3 + t**2 + t + 6. Let j(y) = 3*y + 15. Let q be j(-5). Let w be i(q). Suppose w*g - 170 = 226. What is the tens digit of g?
6
Suppose g - 7 = -3*c, -c + 10 = 3*g - 3*c. Let n(p) = 478*p**2 + p**3 - p - 229*p**2 - 246*p**2 + 2 - 3. What is the hundreds digit of n(g)?
1
Let z(v) be the first derivative of 28*v**3/3 - 6*v**2 + 33*v - 82. What is the hundreds digit of z(3)?
2
Suppose 3*s - 25510 = -7*s. Suppose 4*t = -5*d + s, -2*d + 385 = t - 255. What is the tens digit of t?
3
Suppose 38654 = 4880*p - 4873*p. What is the tens digit of p?
2
Let d(x) = 5*x**2 - 65*x - 3. Let y be d(13). Let s(w) = 185*w**2 - 9*w - 1. What is the thousands digit of s(y)?
1
Let n(p) = 2*p**2 - 3*p - 1. Let o be n(-1). Suppose 0 = 9*d - 11*d + o*d. Suppose d = -2*q + 2*i + 40, -2*q + 3*i = -3*q + 32. What is the tens digit of q?
2
Let f be -2*(-6 - -1 - -864). Let d = f - -2893. What is the hundreds digit of d?
1
Let b(g) be the first derivative of 5*g**4/12 + 2*g**3 + g**2 + 14. Let z(p) be the second derivative of b(p). What is the units digit of z(15)?
2
Suppose -6*c + 7140 = -10*c. Let y = -1169 - c. What is the tens digit of y?
1
Suppose 9563 = 4*y - 5*p - 59263, -2*y = 5*p - 34458. What is the hundreds digit of y?
2
Let y(m) = 13*m**2 + 40*m - 2959. What is the hundreds digit of y(38)?
3
Suppose 30*q - 32*q + 14285 = 5*a, -5*a + 5 = 0. What is the tens digit of q?
4
Suppose 4*s - 2 = g + 89, 273 = -3*g + s. Let n = g + 165. What is the units digit of n/(-2 + (-24)/(-9))?
1
Let w(g) = 4*g**2 - 12*g + 5. Let z be 402/12 - (-6)/(-4). Suppose -2*c = -2*q - 0*c + 22, -z = -4*q + c. What is the units digit of w(q)?
7
Let y = 10 + -6. Suppose -137 = -y*s - 57. What is the units digit of (-2)/4 - (-90)/s?
4
Suppose -17125 = -11*a + 8527. What is the tens digit of a?
3
Suppose 135*v = 6441033 + 223512. What is the units digit of v?
7
Suppose -4*x + 4*f + 2272 = -15436, -5*x - 2*f = -22142. What is the thousands digit of x?
4
What is the ten thousands digit of 2/(-7) - -1*684570/42?
1
Let z = 11927 - 2539. What is the hundreds digit of z?
3
Let i(p) be the first derivative of p**5/60 + p**4/24 + 115*p**3/6 + 39*p**2/2 - 28. Let g(j) be the second